{"id":2012,"date":"2024-06-04T16:11:03","date_gmt":"2024-06-04T15:11:03","guid":{"rendered":"https:\/\/www.piscines-bertrand.ch\/?page_id=2012"},"modified":"2024-06-04T16:17:42","modified_gmt":"2024-06-04T15:17:42","slug":"piscines-renovation-vaud","status":"publish","type":"page","link":"https:\/\/www.piscines-bertrand.ch\/index.php\/piscines-renovation-vaud\/","title":{"rendered":"Piscines renovation Vaud"},"content":{"rendered":"<p><img loading=\"lazy\" decoding=\"async\" class=\"size-full wp-image-2013 aligncenter\" src=\"http:\/\/www.piscines-bertrand.ch\/wp-content\/uploads\/2024\/06\/banniere.png\" alt=\"\" width=\"1440\" height=\"541\" srcset=\"https:\/\/www.piscines-bertrand.ch\/wp-content\/uploads\/2024\/06\/banniere.png 1440w, https:\/\/www.piscines-bertrand.ch\/wp-content\/uploads\/2024\/06\/banniere-300x113.png 300w, https:\/\/www.piscines-bertrand.ch\/wp-content\/uploads\/2024\/06\/banniere-1024x385.png 1024w, https:\/\/www.piscines-bertrand.ch\/wp-content\/uploads\/2024\/06\/banniere-768x289.png 768w, https:\/\/www.piscines-bertrand.ch\/wp-content\/uploads\/2024\/06\/banniere-200x75.png 200w\" sizes=\"auto, (max-width: 1440px) 100vw, 1440px\" \/><\/p>\n<h2>R\u00e9novation de piscines dans le canton de Vaud : les tendances actuelles<\/h2>\n<p>Votre piscine perd de son allure ? Vous souhaitez lui donner un coup de jeune \u00e0 votre piscine ? Vous \u00eates au bon endroit ! La r\u00e9novation de piscine est la meilleure solution. Les travaux sont indispensables pour offrir un aspect plus tendance \u00e0 votre piscine. Toutefois ce genre de projet demande un certain savoir-faire et les moyens techniques adapt\u00e9s. C\u2019est la raison pour laquelle il est essentiel de faire appel \u00e0 une entreprise de r\u00e9novation de piscines dans le canton de Vaud. En tant que professionnelle, elle ma\u00eetrise les tendances en termes de r\u00e9novation de piscine. Leur expertise garantit un espace aquatique ultra moderne et unique.<\/p>\n<h2>R\u00e9novation de piscines : en quoi cela consiste r\u00e9ellement ?<\/h2>\n<p>Une piscine doit \u00eatre r\u00e9nov\u00e9e apr\u00e8s quelques ann\u00e9es d\u2019utilisation pour assurer son bon fonctionnement. Et ce, qu\u2019elle soit parfaitement r\u00e9sistante ou performante. L\u2019intervention d\u2019une entreprise de r\u00e9novation de piscines dans le canton de Vaud se r\u00e9v\u00e8le \u00eatre n\u00e9cessaire.<\/p>\n<p>Lors de son expertise, un professionnel r\u00e9alise un \u00e9tat des lieux pour trouver les sources de probl\u00e8mes. Plusieurs raisons peuvent \u00eatre \u00e0 l\u2019origine de la d\u00e9gradation de votre piscine ou des \u00e9l\u00e9ments qui la constituent :<\/p>\n<p>\u2022 La fuite d\u2019un circuit hydraulique : lors de l\u2019expertise d\u2019un professionnel, une des op\u00e9rations courantes est la d\u00e9tection d\u2019une fuite. Cette op\u00e9ration est assez d\u00e9licate, ainsi, elle requiert un \u00e9quipement adapt\u00e9. En cas de fuite, il faut proc\u00e9der \u00e0 une r\u00e9paration du bassin et de l\u2019endroit o\u00f9 la fuite a \u00e9t\u00e9 d\u00e9marqu\u00e9e.<br \/>\n\u2022 La fissure d\u2019une structure fissur\u00e9e : Avec les bonnes techniques de r\u00e9novation, il est possible de rendre fonctionnelle votre piscine en b\u00e9ton crevass\u00e9e dans sa structure. Un expert en r\u00e9novation de piscine peut am\u00e9liorer l\u2019\u00e9tanch\u00e9it\u00e9 de la piscine pour qu\u2019elle puisse fonctionner de nombreuses ann\u00e9es.<br \/>\n\u2022 Des joints de carrelage ab\u00eem\u00e9s : Au fil des ann\u00e9es, la r\u00e9fection des joints est n\u00e9cessaire. Cette \u00e9tape consiste \u00e0 remplacer les carreaux manquants.<br \/>\n\u2022 Un liner en fin de vie : Il arrive que le liner se plisse et perde sa souplesse, c\u2019est donc le moment de le changer. Un professionnel propose une multitude de solutions de remplacement adapt\u00e9es.<br \/>\n\u2022 S\u00e9curiser : il faut toujours s\u2019assurer qu\u2019une piscine respecte les normes de s\u00e9curit\u00e9, car celles-ci ont peut-\u00eatre pu \u00e9voluer depuis sa pose. Depuis 2004, une piscine doit avoir une barri\u00e8re, une alarme, une couverture, un abri de piscine, etc.<\/p>\n<h2>R\u00e9novation de piscines dans le canton de Vaud : les tendances en mati\u00e8re de technologies et mat\u00e9riaux<\/h2>\n<p>Le choix des technologies et des mat\u00e9riaux est important lors d\u2019une r\u00e9novation de piscine en 2024. Privil\u00e9gier les mat\u00e9riaux durables comme le gr\u00e8s extrud\u00e9 et le gr\u00e8s c\u00e9rame. Ces mat\u00e9riaux ont l\u2019avantage de donner une allure sophistiqu\u00e9e \u00e0 votre piscine. Par ailleurs, il s\u2019agit de mat\u00e9riaux solides.<\/p>\n<p>Les entreprises de construction de piscines proposent des mat\u00e9riaux de pointe et de technologies avant-gardistes pour la conception de piscines durables et uniques. Le b\u00e9ton arm\u00e9 est l\u2019une des tendances actuelles. Il se distingue par sa solidit\u00e9 in\u00e9gal\u00e9e et sa grande adaptabilit\u00e9.<\/p>\n<p>Un choix id\u00e9al pour r\u00e9aliser la forme de piscine d\u00e9sir\u00e9e, m\u00eame celle avec un design sur mesure.<br \/>\nCertaines entreprises de r\u00e9novation proposent \u00e9galement des rev\u00eatements innovants comme le vinyle, le polyester ou encore des rev\u00eatements sp\u00e9ciaux. Ils peuvent offrir une surface \u00e0 la fois r\u00e9sistante, facile d\u2019entretien et esth\u00e9tique.<\/p>\n<p>Une entreprise de r\u00e9novation de piscines dans le canton de Vaud int\u00e8gre aussi les technologiques modernes pour garantir votre confort et pour une meilleure gestion. Elle propose par exemple des syst\u00e8mes de filtration avanc\u00e9s, des solutions de chauffage et d\u2019\u00e9clairage innovant dans le but de proposer une exp\u00e9rience optimale aux utilisateurs.<\/p>\n<h3>Des piscines modernes et populaires pour un espace aquatique innovant<\/h3>\n<p>Les designs de piscine tendance du moment privil\u00e9gient l\u2019esth\u00e9tique et la fonctionnalit\u00e9 tout en mettant l\u2019accent sur une int\u00e9gration esth\u00e9tique. L\u2019objectif est de concevoir une r\u00e9elle \u0153uvre d\u2019art et non un simple lieu de baignade. Pour ce faire, il est recommand\u00e9 de choisir les options suivantes :<\/p>\n<p>\u2022 Les piscines \u00e0 d\u00e9bordement : c\u2019est un choix parfait si vous souhaitez avoir un espace aquatique et une illusion visuelle surprenante. Elle est adapt\u00e9e sur des terrains en hauteur ou avec des vues panoramiques.<br \/>\n\u2022 Les piscines Miroir : cette option propose une surface d\u2019eau calme, refl\u00e9tant le ciel ainsi que ses entourages, produisant un effet miroir extraordinaire. Si vous \u00eates passionn\u00e9es de design minimaliste et contemporain, c\u2019est l\u2019option parfaite. Elle permet \u00e9galement d\u2019avoir une touche de luxe et de s\u00e9r\u00e9nit\u00e9.<br \/>\n\u2022 Les mini-piscines et spas int\u00e9gr\u00e9s : c\u2019est une solution id\u00e9ale pour les petits espaces ou pour les personnes qui souhaitent avoir un compl\u00e9ment de piscine \u00e0 son espace aquatique. C\u2019est un combin\u00e9 parfait pour avoir \u00e0 la fois un espace de relaxation et de d\u00e9tente. Vous pouvez aussi l\u2019\u00e9quiper de jets de massage, de syst\u00e8mes de chauffage ou encore de si\u00e8ges ergonomiques.<br \/>\n\u2022 L\u2019int\u00e9gration d\u2019\u00e9l\u00e9ments d\u2019eau : pour apporter un \u00e9l\u00e9ment dynamique aux piscines, il est possible d\u2019ajouter des cascades, des fontaines ou encore des jets d\u2019eau. Ces d\u00e9tails permettent de concevoir un jeu d\u2019eau qui permet d\u2019optimiser l\u2019ambiance et la beaut\u00e9 de votre propri\u00e9t\u00e9.<\/p>\n<h3>Innovations \u00e9cologiques en mati\u00e8re de piscine<\/h3>\n<p>La conception de piscines modernes se pr\u00e9occupe beaucoup plus de l\u2019impact sur l\u2019environnement. Dans cet esprit, les entreprises de r\u00e9novation de piscine produisent d\u00e9sormais une multitude de mat\u00e9riaux, dont le m\u00e9lange de b\u00e9ton avec du verre broy\u00e9 ou des coquilles d\u2019hu\u00eetres \u00e9cras\u00e9es. En mati\u00e8re de rev\u00eatements, elles proposent le bois composite, la c\u00e9ramique ou encore la pierre naturelle locale pour fabriquer des piscines.<\/p>\n<p>Pour r\u00e9chauffer les piscines, les constructeurs soucieux de l\u2019environnement utilisent des panneaux solaires. C\u2019est une solution qui permet de chauffer l\u2019eau de la piscine durant le printemps jusqu\u2019en octobre, en fonction de la localisation g\u00e9ographique.<\/p>\n<p>Enfin, pour un choix responsable, il est possible d\u2019opter pour une piscine naturelle. Imitant les \u00e9tangs naturels, ce type de piscine utilise un syst\u00e8me de purification d\u2019eau exceptionnel comme les plantes et les syst\u00e8mes de filtration naturels. Les piscines naturelles sont une alternative \u00e9cologique et esth\u00e9tique aux piscines traditionnelles.<\/p>\n<p>Aujourd\u2019hui, les propri\u00e9taires disposent de plusieurs options pour la conception de piscine \u00e9cologique et moderne. Chaque foyer peut d\u00e9sormais disposer d\u2019une oasis aquatique design et qui contribue \u00e0 pr\u00e9server l\u2019environnement.<\/p>\n<p>&nbsp;<\/p>\n","protected":false},"excerpt":{"rendered":"<p>R\u00e9novation de piscines dans le canton de Vaud : les tendances actuelles Votre piscine perd de son allure ? Vous souhaitez lui donner un coup de jeune \u00e0 votre piscine ? Vous \u00eates au bon endroit ! La r\u00e9novation de piscine est la meilleure solution. Les travaux sont indispensables pour offrir un aspect plus tendance \u00e0 votre piscine. Toutefois ce genre de projet demande un certain savoir-faire et les moyens techniques adapt\u00e9s. C\u2019est la raison pour laquelle il est essentiel de faire appel \u00e0 une entreprise de r\u00e9novation de piscines dans le canton de Vaud. En tant que professionnelle, elle &hellip; <a href=\"https:\/\/www.piscines-bertrand.ch\/index.php\/piscines-renovation-vaud\/\">Continued<\/a><\/p>\n","protected":false},"author":1,"featured_media":0,"parent":0,"menu_order":0,"comment_status":"closed","ping_status":"closed","template":"","meta":{"_exactmetrics_skip_tracking":false,"_exactmetrics_sitenote_active":false,"_exactmetrics_sitenote_note":"","_exactmetrics_sitenote_category":0,"footnotes":""},"class_list":["post-2012","page","type-page","status-publish","hentry"],"yoast_head":"<!-- This site is optimized with the Yoast SEO plugin v26.0 - https:\/\/yoast.com\/wordpress\/plugins\/seo\/ -->\n<title>Piscines renovation Vaud : comment trouver ?<\/title>\n<meta name=\"description\" content=\"Piscines renovation Vaud : pourquoi choisir piscines-bertrand.ch ?\" \/>\n<meta name=\"robots\" content=\"index, follow, max-snippet:-1, max-image-preview:large, max-video-preview:-1\" \/>\n<link rel=\"canonical\" href=\"https:\/\/www.piscines-bertrand.ch\/index.php\/piscines-renovation-vaud\/\" \/>\n<meta property=\"og:locale\" content=\"fr_FR\" \/>\n<meta property=\"og:type\" content=\"article\" \/>\n<meta property=\"og:title\" content=\"Piscines renovation Vaud : comment trouver ?\" \/>\n<meta property=\"og:description\" content=\"Piscines renovation Vaud : pourquoi choisir piscines-bertrand.ch ?\" \/>\n<meta property=\"og:url\" content=\"https:\/\/www.piscines-bertrand.ch\/index.php\/piscines-renovation-vaud\/\" \/>\n<meta property=\"og:site_name\" content=\"Piscines-Bertrand\" \/>\n<meta property=\"article:publisher\" content=\"https:\/\/www.facebook.com\/piscinebertrand\/\" \/>\n<meta property=\"article:modified_time\" content=\"2024-06-04T15:17:42+00:00\" \/>\n<meta property=\"og:image\" content=\"http:\/\/www.piscines-bertrand.ch\/wp-content\/uploads\/2024\/06\/banniere.png\" \/>\n<meta name=\"twitter:card\" content=\"summary_large_image\" \/>\n<meta name=\"twitter:label1\" content=\"Dur\u00e9e de lecture estim\u00e9e\" \/>\n\t<meta name=\"twitter:data1\" content=\"5 minutes\" \/>\n<script type=\"application\/ld+json\" class=\"yoast-schema-graph\">{\"@context\":\"https:\/\/schema.org\",\"@graph\":[{\"@type\":\"WebPage\",\"@id\":\"https:\/\/www.piscines-bertrand.ch\/index.php\/piscines-renovation-vaud\/\",\"url\":\"https:\/\/www.piscines-bertrand.ch\/index.php\/piscines-renovation-vaud\/\",\"name\":\"Piscines renovation Vaud : comment trouver ?\",\"isPartOf\":{\"@id\":\"https:\/\/www.piscines-bertrand.ch\/#website\"},\"primaryImageOfPage\":{\"@id\":\"https:\/\/www.piscines-bertrand.ch\/index.php\/piscines-renovation-vaud\/#primaryimage\"},\"image\":{\"@id\":\"https:\/\/www.piscines-bertrand.ch\/index.php\/piscines-renovation-vaud\/#primaryimage\"},\"thumbnailUrl\":\"http:\/\/www.piscines-bertrand.ch\/wp-content\/uploads\/2024\/06\/banniere.png\",\"datePublished\":\"2024-06-04T15:11:03+00:00\",\"dateModified\":\"2024-06-04T15:17:42+00:00\",\"description\":\"Piscines renovation Vaud : pourquoi choisir piscines-bertrand.ch ?\",\"breadcrumb\":{\"@id\":\"https:\/\/www.piscines-bertrand.ch\/index.php\/piscines-renovation-vaud\/#breadcrumb\"},\"inLanguage\":\"fr-FR\",\"potentialAction\":[{\"@type\":\"ReadAction\",\"target\":[\"https:\/\/www.piscines-bertrand.ch\/index.php\/piscines-renovation-vaud\/\"]}]},{\"@type\":\"ImageObject\",\"inLanguage\":\"fr-FR\",\"@id\":\"https:\/\/www.piscines-bertrand.ch\/index.php\/piscines-renovation-vaud\/#primaryimage\",\"url\":\"http:\/\/www.piscines-bertrand.ch\/wp-content\/uploads\/2024\/06\/banniere.png\",\"contentUrl\":\"http:\/\/www.piscines-bertrand.ch\/wp-content\/uploads\/2024\/06\/banniere.png\"},{\"@type\":\"BreadcrumbList\",\"@id\":\"https:\/\/www.piscines-bertrand.ch\/index.php\/piscines-renovation-vaud\/#breadcrumb\",\"itemListElement\":[{\"@type\":\"ListItem\",\"position\":1,\"name\":\"Accueil\",\"item\":\"https:\/\/www.piscines-bertrand.ch\/\"},{\"@type\":\"ListItem\",\"position\":2,\"name\":\"Piscines renovation Vaud\"}]},{\"@type\":\"WebSite\",\"@id\":\"https:\/\/www.piscines-bertrand.ch\/#website\",\"url\":\"https:\/\/www.piscines-bertrand.ch\/\",\"name\":\"Piscines-Bertrand\",\"description\":\"Cr\u00e9ateur de bonheur\",\"publisher\":{\"@id\":\"https:\/\/www.piscines-bertrand.ch\/#organization\"},\"potentialAction\":[{\"@type\":\"SearchAction\",\"target\":{\"@type\":\"EntryPoint\",\"urlTemplate\":\"https:\/\/www.piscines-bertrand.ch\/?s={search_term_string}\"},\"query-input\":{\"@type\":\"PropertyValueSpecification\",\"valueRequired\":true,\"valueName\":\"search_term_string\"}}],\"inLanguage\":\"fr-FR\"},{\"@type\":\"Organization\",\"@id\":\"https:\/\/www.piscines-bertrand.ch\/#organization\",\"name\":\"Piscines Bertrand\",\"url\":\"https:\/\/www.piscines-bertrand.ch\/\",\"logo\":{\"@type\":\"ImageObject\",\"inLanguage\":\"fr-FR\",\"@id\":\"https:\/\/www.piscines-bertrand.ch\/#\/schema\/logo\/image\/\",\"url\":\"https:\/\/www.piscines-bertrand.ch\/wp-content\/uploads\/2018\/03\/Logo_Bertrand.png\",\"contentUrl\":\"https:\/\/www.piscines-bertrand.ch\/wp-content\/uploads\/2018\/03\/Logo_Bertrand.png\",\"width\":350,\"height\":583,\"caption\":\"Piscines Bertrand\"},\"image\":{\"@id\":\"https:\/\/www.piscines-bertrand.ch\/#\/schema\/logo\/image\/\"},\"sameAs\":[\"https:\/\/www.facebook.com\/piscinebertrand\/\"]}]}<\/script>\n<!-- \/ Yoast SEO plugin. -->","yoast_head_json":{"title":"Piscines renovation Vaud : comment trouver ?","description":"Piscines renovation Vaud : pourquoi choisir piscines-bertrand.ch ?","robots":{"index":"index","follow":"follow","max-snippet":"max-snippet:-1","max-image-preview":"max-image-preview:large","max-video-preview":"max-video-preview:-1"},"canonical":"https:\/\/www.piscines-bertrand.ch\/index.php\/piscines-renovation-vaud\/","og_locale":"fr_FR","og_type":"article","og_title":"Piscines renovation Vaud : comment trouver ?","og_description":"Piscines renovation Vaud : pourquoi choisir piscines-bertrand.ch ?","og_url":"https:\/\/www.piscines-bertrand.ch\/index.php\/piscines-renovation-vaud\/","og_site_name":"Piscines-Bertrand","article_publisher":"https:\/\/www.facebook.com\/piscinebertrand\/","article_modified_time":"2024-06-04T15:17:42+00:00","og_image":[{"url":"http:\/\/www.piscines-bertrand.ch\/wp-content\/uploads\/2024\/06\/banniere.png","type":"","width":"","height":""}],"twitter_card":"summary_large_image","twitter_misc":{"Dur\u00e9e de lecture estim\u00e9e":"5 minutes"},"schema":{"@context":"https:\/\/schema.org","@graph":[{"@type":"WebPage","@id":"https:\/\/www.piscines-bertrand.ch\/index.php\/piscines-renovation-vaud\/","url":"https:\/\/www.piscines-bertrand.ch\/index.php\/piscines-renovation-vaud\/","name":"Piscines renovation Vaud : comment trouver ?","isPartOf":{"@id":"https:\/\/www.piscines-bertrand.ch\/#website"},"primaryImageOfPage":{"@id":"https:\/\/www.piscines-bertrand.ch\/index.php\/piscines-renovation-vaud\/#primaryimage"},"image":{"@id":"https:\/\/www.piscines-bertrand.ch\/index.php\/piscines-renovation-vaud\/#primaryimage"},"thumbnailUrl":"http:\/\/www.piscines-bertrand.ch\/wp-content\/uploads\/2024\/06\/banniere.png","datePublished":"2024-06-04T15:11:03+00:00","dateModified":"2024-06-04T15:17:42+00:00","description":"Piscines renovation Vaud : pourquoi choisir piscines-bertrand.ch ?","breadcrumb":{"@id":"https:\/\/www.piscines-bertrand.ch\/index.php\/piscines-renovation-vaud\/#breadcrumb"},"inLanguage":"fr-FR","potentialAction":[{"@type":"ReadAction","target":["https:\/\/www.piscines-bertrand.ch\/index.php\/piscines-renovation-vaud\/"]}]},{"@type":"ImageObject","inLanguage":"fr-FR","@id":"https:\/\/www.piscines-bertrand.ch\/index.php\/piscines-renovation-vaud\/#primaryimage","url":"http:\/\/www.piscines-bertrand.ch\/wp-content\/uploads\/2024\/06\/banniere.png","contentUrl":"http:\/\/www.piscines-bertrand.ch\/wp-content\/uploads\/2024\/06\/banniere.png"},{"@type":"BreadcrumbList","@id":"https:\/\/www.piscines-bertrand.ch\/index.php\/piscines-renovation-vaud\/#breadcrumb","itemListElement":[{"@type":"ListItem","position":1,"name":"Accueil","item":"https:\/\/www.piscines-bertrand.ch\/"},{"@type":"ListItem","position":2,"name":"Piscines renovation Vaud"}]},{"@type":"WebSite","@id":"https:\/\/www.piscines-bertrand.ch\/#website","url":"https:\/\/www.piscines-bertrand.ch\/","name":"Piscines-Bertrand","description":"Cr\u00e9ateur de bonheur","publisher":{"@id":"https:\/\/www.piscines-bertrand.ch\/#organization"},"potentialAction":[{"@type":"SearchAction","target":{"@type":"EntryPoint","urlTemplate":"https:\/\/www.piscines-bertrand.ch\/?s={search_term_string}"},"query-input":{"@type":"PropertyValueSpecification","valueRequired":true,"valueName":"search_term_string"}}],"inLanguage":"fr-FR"},{"@type":"Organization","@id":"https:\/\/www.piscines-bertrand.ch\/#organization","name":"Piscines Bertrand","url":"https:\/\/www.piscines-bertrand.ch\/","logo":{"@type":"ImageObject","inLanguage":"fr-FR","@id":"https:\/\/www.piscines-bertrand.ch\/#\/schema\/logo\/image\/","url":"https:\/\/www.piscines-bertrand.ch\/wp-content\/uploads\/2018\/03\/Logo_Bertrand.png","contentUrl":"https:\/\/www.piscines-bertrand.ch\/wp-content\/uploads\/2018\/03\/Logo_Bertrand.png","width":350,"height":583,"caption":"Piscines Bertrand"},"image":{"@id":"https:\/\/www.piscines-bertrand.ch\/#\/schema\/logo\/image\/"},"sameAs":["https:\/\/www.facebook.com\/piscinebertrand\/"]}]}},"_links":{"self":[{"href":"https:\/\/www.piscines-bertrand.ch\/index.php\/wp-json\/wp\/v2\/pages\/2012","targetHints":{"allow":["GET"]}}],"collection":[{"href":"https:\/\/www.piscines-bertrand.ch\/index.php\/wp-json\/wp\/v2\/pages"}],"about":[{"href":"https:\/\/www.piscines-bertrand.ch\/index.php\/wp-json\/wp\/v2\/types\/page"}],"author":[{"embeddable":true,"href":"https:\/\/www.piscines-bertrand.ch\/index.php\/wp-json\/wp\/v2\/users\/1"}],"replies":[{"embeddable":true,"href":"https:\/\/www.piscines-bertrand.ch\/index.php\/wp-json\/wp\/v2\/comments?post=2012"}],"version-history":[{"count":3,"href":"https:\/\/www.piscines-bertrand.ch\/index.php\/wp-json\/wp\/v2\/pages\/2012\/revisions"}],"predecessor-version":[{"id":2016,"href":"https:\/\/www.piscines-bertrand.ch\/index.php\/wp-json\/wp\/v2\/pages\/2012\/revisions\/2016"}],"wp:attachment":[{"href":"https:\/\/www.piscines-bertrand.ch\/index.php\/wp-json\/wp\/v2\/media?parent=2012"}],"curies":[{"name":"wp","href":"https:\/\/api.w.org\/{rel}","templated":true}]}}